a prime number?
True
Is 12058021 a composite number?
True
Is 12826067 prime?
True
Is 197363461 a composite number?
True
Is 2605159 a composite number?
False
Is 9185691 composite?
True
Is 30366461 prime?
False
Is 23089289 prime?
True
Is 12297937 a composite number?
False
Is 62658899 a composite number?
False
Is 1429631 a composite number?
True
Is 16524571 a prime number?
False
Is 58504231 composite?
False
Is 2045047 a composite number?
False
Is 2690477 a prime number?
False
Is 2037011 composite?
True
Is 13260101 prime?
False
Is 78181423 prime?
False
Is 27862355 a composite number?
True
Is 76824043 a composite number?
False
Is 119389 a prime number?
True
Is 168240693 a composite number?
True
Is 4792659 a composite number?
True
Is 11131469 composite?
False
Is 2845483 prime?
False
Is 1827289 composite?
True
Is 286204631 a prime number?
True
Is 67466101 prime?
True
Is 211602611 a prime number?
False
Is 24219493 a composite number?
True
Is 51382073 prime?
False
Is 235000811 a composite number?
False
Is 13511299 prime?
False
Is 19262927 composite?
True
Is 243671 a composite number?
False
Is 1442143 composite?
False
Is 92780957 a composite number?
False
Is 30121621 a composite number?
False
Is 39033361 a composite number?
False
Is 2067187 a composite number?
False
Is 1561913 composite?
True
Is 130127831 composite?
True
Is 279407707 prime?
True
Is 7071047 prime?
True
Is 18173347 prime?
False
Is 10939829 a prime number?
True
Is 306729767 composite?
True
Is 1976893 a prime number?
False
Is 31937069 composite?
False
Is 14074318 a prime number?
False
Is 21346267 a prime number?
False
Is 1820573 a composite number?
False
Is 566125867 prime?
True
Is 12325267 a prime number?
True
Is 5029811 prime?
True
Is 752681 prime?
True
Is 2764897 prime?
False
Is 2642579 a composite number?
True
Is 202658089 a composite number?
False
Is 460032553 a composite number?
True
Is 76543391 prime?
True
Is 984647 composite?
True
Is 18846383 composite?
False
Is 181463314 prime?
False
Is 7659935 composite?
True
Is 413381 composite?
True
Is 1455835 prime?
False
Is 33573013 a prime number?
True
Is 6799253 composite?
True
Is 36309787 a composite number?
False
Is 2077483 a composite number?
False
Is 2077249 a composite number?
False
Is 44803193 a prime number?
True
Is 2211371 composite?
True
Is 513289 a composite number?
True
Is 36725609 a composite number?
True
Is 8187827 composite?
False
Is 64735183 composite?
False
Is 270658 a prime number?
False
Is 5313229 prime?
False
Is 708530547 a composite number?
True
Is 334289 prime?
True
Is 10220403 a prime number?
False
Is 159217 prime?
False
Is 2392883 prime?
False
Is 522702403 prime?
True
Is 1215673 a prime number?
True
Is 1027181 a prime number?
True
Is 161814299 a composite number?
False
Is 10543487 prime?
True
Is 84786263 a prime number?
True
Is 5291687 a prime number?
True
Is 3695777 a prime number?
False
Is 13972151 a prime number?
True
Is 168666767 prime?
False
Is 347819249 a prime number?
False
Is 146856637 a prime number?
True
Is 844001 composite?
False
Is 1881661 prime?
False
Is 1748833 a prime number?
True
Is 1122157 a prime number?
True
Is 30361301 a composite number?
False
Is 154813609 a prime number?
True
Is 5453471 prime?
True
Is 1394891 a composite number?
False
Is 16217 a composite number?
False
Is 8455353 a prime number?
False
Is 10350887 composite?
False
Is 15250603 a prime number?
False
Is 9039593 a prime number?
True
Is 13389583 a prime number?
False
Is 41292697 composite?
False
Is 11394389 a composite number?
False
Is 57871855 prime?
False
Is 5238511 composite?
True
Is 5988679 composite?
False
Is 285017419 a composite number?
False
Is 512232769 composite?
False
Is 17634143 a composite number?
True
Is 4996583 a composite number?
True
Is 1598921 a composite number?
True
Is 50192306 a composite number?
True
Is 3499537 a composite number?
True
Is 187979573 prime?
False
Is 8116423 composite?
True
Is 12458163 composite?
True
Is 16883701 composite?
True
Is 18112493 prime?
False
Is 3135733 a prime number?
False
Is 30813715 a composite number?
True
Is 6948973 a composite number?
False
Is 3588577 a prime number?
False
Is 25624579 prime?
True
Is 89545219 a prime number?
True
Is 3526307 a composite number?
False
Is 9535267 a composite number?
True
Is 32125781 a composite number?
False
Is 5099147 a prime number?
False
Is 2841977 a prime number?
False
Is 784341347 a composite number?
True
Is 3125609 a composite number?
True
Is 10186705 prime?
False
Is 1864511 a prime number?
False
Is 67912633 composite?
True
Is 14917767 composite?
True
Is 349866761 composite?
False
Is 3990827 a composite number?
False
Is 460379 composite?
False
Is 18914059 a composite number?
False
Is 2118253 prime?
False
Is 4382491 a composite number?
True
Is 4725379 composite?
False
Is 93024457 a prime number?
True
Is 19726387 a prime number?
False
Is 108262267 composite?
False
Is 1265951 prime?
False
Is 24422518 a prime number?
False
Is 400109483 composite?
True
Is 430155151 prime?
True
Is 1184903 a prime number?
True
Is 627162917 composite?
False
Is 112836082 prime?
False
Is 352427 a prime number?
False
Is 75707617 a composite number?
False
Is 1164173 a composite number?
False
Is 11716433 composite?
False
Is 9117599 prime?
True
Is 25798 a composite number?
True
Is 4637677 prime?
False
Is 1189827715 prime?
False
Is 121311823 composite?
False
Is 18741523 prime?
True
Is 4919671 prime?
True
Is 3653081 composite?
False
Is 74813407 prime?
True
Is 3403661 composite?
False
Is 111889673 a prime number?
False
Is 2257909 a prime number?
True
Is 4058183 composite?
True
Is 82183 prime?
True
Is 834079 composite?
True
Is 71450039 a prime number?
True
Is 26796317 composite?
False
Is 1176481 composite?
True
Is 1097364049 composite?
False
Is 7447 a prime number?
False
Is 28487803 a composite number?
False
Is 33003791 composite?
False
Is 154580687 prime?
True
Is 27650333 a prime number?
False
Is 7874497 a composite number?
False
Is 2589971 prime?
True
Is 117070081 prime?
True
Is 1438001 a composite number?
False
Is 14255881 a prime number?
True
Is 5679449 a prime number?
True
Is 1055211497 composite?
True
Is 7200113 a composite number?
True
Is 4891703 a composite number?
False
Is 1649507 prime?
True
Is 78739621 composite?
True
Is 372188507 composite?
True
Is 487139557 composite?
True
Is 16679567 prime?
False
Is 147078185 a composite number?
True
Is 632297 composite?
False
Is 275263 a composite number?
False
Is 385862173 a prime number?
False
Is 2089583 composite?
False
Is 2767871 composite?
False
Is 8663 a composite number?
False
Is 803414 a composite number?
True
Is 2069377 composite?
False
Is 205391629 a composite number?
False
Is 17061913 composite?
True
Is 353106323 composite?
False
Is 50340137 prime?
True
Is 22136687 composite?
False
Is 6087993 prime?
False
Is 28416334 a composite number?
True
Is 17917027 a composite number?
False
Is 61283039 composite?
False
Is 30456655 a prime number?
False
Is 35845283 composite?
True
Is 251745059 a composite number?
True
Is 322397 a prime number?
True
Is 9379717 prime?
True
Is 1909727 a composite number?
True
Is 6060917 prime?
False
Is 117426979 a composite number?
False
Is 146089291 a composite number?
False
Is 22377281 a composite number?
False
Is 3920843 prime?
True
Is 139212911 a prime number?
True
Is 9218771 a prime number?
True
Is 13575689 a composite number?
False
Is 165920627 composite?
True
Is 4212823 prime?
False
Is 57083969 a prime number?
True
Is 164061721 a composite number?
True
Is 14538193 a composite number?
True
Is 253629633 a prime number?
False
Is 1057739 a prime number?
True
Is 1668731 a prime number?
False
Is 40885249 a composite number?
True
Is 778759 composite?
False
Is 258731459 composite?
True
Is 119671 a prime number?
True
Is 1924327 a prime number?
True
Is 2925119 prime?
True
Is 10721981 a prime number?
True
Is 10227967 prime?
False
Is 5497181 a composite number?
False
Is 753353 prime?
True
Is 1606837 prime?
True
Is 8871449 composite?
False
Is 2857219 prime?
True
Is 125205721 a composite number?
True
Is 47027263 composite?
False
Is 694589785 a composite number?
True
Is 66042853 a prime number?
False
Is 5791087 a prime number?
False
Is 1462687 a composite number?
True
Is 8775895 composite?
True
Is 93913481 a 